05 is divided by z.
1
Let n(v) = 3*v**3 - 32*v**2 - 12*v + 19. Let w(f) = 3*f**2 - 5*f + 3*f - 2*f. Calculate the remainder when w(-3) is divided by n(11).
7
Let b = 6231 - 4827. What is the remainder when b is divided by 16?
12
Let d(m) = -m**2 - 8*m + 6. Let h = 9 + -16. Suppose -570*g - 1621 = -14161. Calculate the remainder when g is divided by d(h).
9
What is the remainder when 3889 is divided by (-5)/20*8*(4 + 22/(-4))?
1
Let g(m) = -2*m**2 + 17*m + 19. Let a be (10/1)/(6/6). Let x be g(a). Calculate the remainder when 44 is divided by x/(-3) - -5 - 2/(-6).
8
Let v(z) = z**2 - 8*z - 46. Let l be v(13). Let g(f) = 17*f - 21. What is the remainder when g(l) is divided by 16?
14
Let x(r) = 89*r**2 - r - 1. Let k be x(-1). Let f = -58 + k. Let b(n) = -29*n + 124. Calculate the remainder when b(-1) is divided by f.
29
What is the remainder when 1355 is divided by (14 - 6) + 25 + -11?
13
Let k(d) = -d**3 + 11*d**2 - 11*d + 20. Let n(z) = -6*z**3 + 3*z**2 + z - 2. Let o be n(-1). Calculate the remainder when k(o) is divided by 34.
32
Suppose 2*o + 24*o = 364. Suppose 2*f = -2*g + o, f - 6*g = -g + 1. What is the remainder when 34 is divided by f?
4
Suppose 291*w = 102026 + 59479. What is the remainder when w is divided by 30?
15
Suppose 0 = 25*d - 16805 - 43945. Suppose 18*s + 9*s = d. What is the remainder when s is divided by 26?
12
Let t(k) be the second derivative of -k**3/6 - k**2/2 + 7*k. Let x be t(7). What is the remainder when 7 is divided by (-34)/x + 12/(-48)?
3
Let i(s) = 15*s - 15. Let b be i(-2). Let n be 18/b + 92/5. What is the remainder when 31 is divided by (-6)/n - 26/12*-8?
14
Let m = 70 - 51. Let y(h) be the second derivative of 25*h**3/3 - h**2 - 10*h. Calculate the remainder when y(1) is divided by m.
10
Let r(d) = 2*d**2 - 9*d + 7. Calculate the remainder when r(-7) is divided by 5/(4/13 - 17679/110058).
32
Let m = 213 - 100. Calculate the remainder when m is divided by 31/(3/((-3)/(-1))) + (1 - -1).
14
Let w be ((-3)/((-15)/(-8)) + 2)*10. Suppose 4*t = -5*j + 87, w*t + 2*j - 16 = 74. Suppose 2*h - 4 - 6 = 0. What is the remainder when t is divided by h?
3
Let x(g) = g**3 - 22*g**2 - 54*g - 446. What is the remainder when 1972 is divided by x(25)?
76
Let z(x) = 10*x + 3. Let p be z(6). Suppose p = 5*k - 107. Let b = -1362 - -1462. What is the remainder when b is divided by k?
32
Suppose 6*s - 66 = 114. Let v = -7 + 16. Calculate the remainder when (-4)/s + (-12116)/(-195) is divided by v.
8
Calculate the remainder when (((-270)/12)/(-15))/(2/4) + 292 is divided by 157.
138
Let h = 6150 + -5990. What is the remainder when h is divided by 41?
37
Let l = -45703 + 45766. What is the remainder when 6383 is divided by l?
20
Suppose -3988 = -2*b + 3*k, 0*k = -3*b + 2*k + 5992. What is the remainder when b is divided by 494?
24
Let c(j) = 25*j + 5. Let b be c(2). Let n = b - 21. What is the remainder when 99 is divided by n?
31
Suppose -p + 6 = -4*r + 5*r, 0 = -3*p. Let n be ((-9)/(-12))/(2/16)*r. Suppose 0 = -3*o + n + 15. What is the remainder when 83 is divided by o?
15
Suppose 6*y + 105 = 27*y. What is the remainder when 664 is divided by (2 + y)/(9/45)?
34
Calculate the remainder when 1748 is divided by 4 + -5 + 37/3 - 53/159.
10
Let z(v) be the second derivative of -v**4/12 + 8*v**3/3 + 8*v**2 + 431*v. Suppose -w - 6*i = -3*i, i = -5. Calculate the remainder when 122 is divided by z(w).
29
Let s(f) = f**2 - 3*f + 7. Let o be s(11). Let u = -90 + o. Suppose -2*c - 8 = -x, 3*x = 8*c - u*c + 33. What is the remainder when 111 is divided by x?
13
Let i be 15/25 + (951/15 - -4). Suppose 0 = 2*j + 354 + i. What is the remainder when 155 is divided by j/(-4) - 16/(-64)?
49
Suppose -179*c - 191*c + 17136 = -364*c. What is the remainder when c is divided by 476?
0
Let b be (-24)/6 - (-70)/2. Suppose -b*y - 2984 = -39*y. What is the remainder when y is divided by 15?
13
Let g = 189 + -175. Suppose -2*p - 4 + g = 0. Calculate the remainder when 10 is divided by p.
0
Suppose -32*p + 65*p = 363. What is the remainder when 1063 is divided by p?
7
Calculate the remainder when ((-105)/(-14) - 8)*(0 + -206) is divided by 6/4*(1 + 5).
4
Suppose -17*v + 13*v - 2252 = 0. Let y = v - -980. What is the remainder when y is divided by 70?
67
Let j = 351 - 339. Suppose -4*d - 709 = -5*p, j*p - 15*p = -4*d - 419. Calculate the remainder when p is divided by 30.
25
Let f be 3/2 - (-1)/2. Suppose f*r = 5*s - 51, 3*s - 36 = 2*r + r. Let j(o) = o**3 + 24*o**2 + 50*o + 2705. What is the remainder when j(-26) is divided by s?
8
Let l = -5871 + 6061. What is the remainder when 1897 is divided by l?
187
Let a(b) = -64*b - 359. What is the remainder when 265 is divided by a(-7)?
87
Let z(h) = 54 - 50*h - 203 + 8 - h**2 - 71 - 149. What is the remainder when z(-34) is divided by 15?
3
Let w(n) = 17*n**2 - 575*n + 1147. Calculate the remainder when 1233 is divided by w(2).
63
Calculate the remainder when 182/28 - 10/4 - -6082 is divided by 29.
25
Let l be 4*14/(-3)*(-6)/16. Suppose 3*q + l = 34. Suppose 10*t - 406 = -4*t. Calculate the remainder when t is divided by q.
2
Suppose 0 = -3*u - 3*v + 4590, 0 = u + 2*v - 0*v - 1538. What is the remainder when u is divided by 60?
22
Suppose -4*i = y - 99, -5*y = 4*i - 60 - 19. Suppose 5*q - 50 = -5*s + 65, i = q - 2*s. Suppose 152 = 4*b - 224. What is the remainder when b is divided by q?
22
Let n = 70 - -14. Suppose 24105*b - 957 = 24072*b. What is the remainder when n is divided by b?
26
Suppose -32*q - 274 = -2*t - 28*q, -3*t + 376 = q. What is the remainder when t is divided by 15?
7
Let m = -6895 + 7101. What is the remainder when 811 is divided by m?
193
Let d = -21282 - -21304. Calculate the remainder when 3517 is divided by d.
19
Suppose 0 = 5*m - 22 - 128. Let h(u) = -u**3 + 10*u**2 - 20*u - 3. What is the remainder when m is divided by h(7)?
2
Let q be ((-64)/(-10) - 0)*135/18. Suppose -q = s - 79. Calculate the remainder when 153 is divided by s.
29
Suppose -3*b + 24*t - 23*t = -5, -2*t = 5*b - 23. Suppose 0 = 4*u - b*j - 8, 4*u + 4*j = 4 + 32. What is the remainder when u is divided by 3?
2
Let u(k) = -k + 2. Let v be u(4). Let i be -1 - (0*v/(-4))/3. Calculate the remainder when i + (2 - (-3 - 36)) is divided by 14.
12
Suppose 31*h - 530 = 1144. Calculate the remainder when (h/10)/((-51)/(-340)) is divided by 13.
10
Suppose -5*c = -1005 - 10880. Suppose 619 = 28*n - c. What is the remainder when n is divided by 45?
17
Let w = -31 + 33. Let s be w/(-4) - (-40)/16 - 2. Suppose 3*a - 9 = s, 6*x + 3*a - 84 = 3*x. What is the remainder when 74 is divided by x?
24
What is the remainder when ((-496)/(-64))/((-6)/(-120)) is divided by 148?
7
Let w = 10472 - 9276. What is the remainder when w is divided by 93?
80
Suppose -662*v + 660*v - 1130 = 0. Let o = v - -663. Calculate the remainder when o is divided by 42.
14
Suppose -4*z = -m + 26, m - 36*z + 33*z = 26. What is the remainder when 5603 is divided by m?
13
Let y(h) be the first derivative of -h**3/3 - 9*h**2 + 30*h + 16. Let r be y(-15). Suppose 128 + r = 7*n. What is the remainder when 115 is divided by n?
28
Let u(l) = -l**3 - 6*l**2 + l - 40. Let z be u(-7). Suppose -z*g = 62 - 86. What is the remainder when 21 is divided by g?
9
Suppose 0 = -4*h + 42 + 242. Let c = h + -47. Calculate the remainder when 65 is divided by c.
17
Let k = 3513 - 1839. Calculate the remainder when k is divided by 39.
36
Let r = -7987 - -8750. Calculate the remainder when r is divided by 125.
13
Let h(l) be the third derivative of -l**4/2 - 4*l**3/3 - 30*l**2. Let d = 14 - 21. Calculate the remainder when h(d) is divided by 39.
37
Calculate the remainder when 1178 is divided by (12/((-36)/15))/(14/(-56)).
18
Suppose 0 = -5*m - 5*f + 1415, f - 859 = -3*m + 3*f. Let x = m - 248. What is the remainder when 221 is divided by x?
36
Suppose 155*p - 152*p - 8313 = -5*i, 2*i = 0. What is the remainder when p is divided by 18?
17
Let n = -13707 - -13714. Let d(a) = 21*a**3 - 2*a + 1. What is the remainder when d(2) is divided by n?
4
Let n(g) = 4*g - 34. Let m = 43 + -48. Let f(b) = b + 14. Let z be f(m). Calculate the remainder when 3 is divided by n(z).
1
Let v = -42 - -28. What is the remainder when 212/(-371) + (-2318)/v is divided by 12?
9
Let v be ((-6)/9)/2*6. Let l(y) = -4